{"id":1564,"date":"2020-12-01T16:56:59","date_gmt":"2020-12-01T15:56:59","guid":{"rendered":"http:\/\/www.grafas.org\/demo05\/?page_id=1564"},"modified":"2024-02-28T10:57:14","modified_gmt":"2024-02-28T09:57:14","slug":"portfolio","status":"publish","type":"page","link":"https:\/\/rfidmorocco.com\/index.php\/portfolio\/","title":{"rendered":"C&rsquo;est quoi la RFID ?"},"content":{"rendered":"\t\t<div data-elementor-type=\"wp-page\" data-elementor-id=\"1564\" class=\"elementor elementor-1564\">\n\t\t\t\t\t\t\t\t\t<section class=\"elementor-section elementor-top-section elementor-element elementor-element-673110c elementor-section-boxed elementor-section-height-default elementor-section-height-default\" data-id=\"673110c\" data-element_type=\"section\" data-settings=\"{&quot;background_background&quot;:&quot;classic&quot;}\">\n\t\t\t\t\t\t\t<div class=\"elementor-background-overlay\"><\/div>\n\t\t\t\t\t\t\t<div class=\"elementor-container elementor-column-gap-default\">\n\t\t\t\t\t<div class=\"elementor-column elementor-col-50 elementor-top-column elementor-element elementor-element-3afb89c\" data-id=\"3afb89c\" data-element_type=\"column\">\n\t\t\t<div class=\"elementor-widget-wrap elementor-element-populated\">\n\t\t\t\t\t\t\t\t<div class=\"elementor-element elementor-element-b845d81 elementor-widget elementor-widget-heading\" data-id=\"b845d81\" data-element_type=\"widget\" data-widget_type=\"heading.default\">\n\t\t\t\t<div class=\"elementor-widget-container\">\n\t\t\t<style>\/*! elementor - v3.7.1 - 14-08-2022 *\/\n.elementor-heading-title{padding:0;margin:0;line-height:1}.elementor-widget-heading .elementor-heading-title[class*=elementor-size-]>a{color:inherit;font-size:inherit;line-height:inherit}.elementor-widget-heading .elementor-heading-title.elementor-size-small{font-size:15px}.elementor-widget-heading .elementor-heading-title.elementor-size-medium{font-size:19px}.elementor-widget-heading .elementor-heading-title.elementor-size-large{font-size:29px}.elementor-widget-heading .elementor-heading-title.elementor-size-xl{font-size:39px}.elementor-widget-heading .elementor-heading-title.elementor-size-xxl{font-size:59px}<\/style><h5 class=\"elementor-heading-title elementor-size-default\">C\u2019est quoi la RFID ? <\/h5>\t\t<\/div>\n\t\t\t\t<\/div>\n\t\t\t\t\t<\/div>\n\t\t<\/div>\n\t\t\t\t<div class=\"elementor-column elementor-col-50 elementor-top-column elementor-element elementor-element-19ff1b7\" data-id=\"19ff1b7\" data-element_type=\"column\">\n\t\t\t<div class=\"elementor-widget-wrap\">\n\t\t\t\t\t\t\t\t\t<\/div>\n\t\t<\/div>\n\t\t\t\t\t\t\t<\/div>\n\t\t<\/section>\n\t\t\t\t<section class=\"elementor-section elementor-top-section elementor-element elementor-element-e408ec9 elementor-section-boxed elementor-section-height-default elementor-section-height-default\" data-id=\"e408ec9\" data-element_type=\"section\">\n\t\t\t\t\t\t<div class=\"elementor-container elementor-column-gap-default\">\n\t\t\t\t\t<div class=\"elementor-column elementor-col-100 elementor-top-column elementor-element elementor-element-5cfeac0\" data-id=\"5cfeac0\" data-element_type=\"column\">\n\t\t\t<div class=\"elementor-widget-wrap elementor-element-populated\">\n\t\t\t\t\t\t\t\t<section class=\"elementor-section elementor-inner-section elementor-element elementor-element-2c6ac87 elementor-section-boxed elementor-section-height-default elementor-section-height-default\" data-id=\"2c6ac87\" data-element_type=\"section\">\n\t\t\t\t\t\t<div class=\"elementor-container elementor-column-gap-default\">\n\t\t\t\t\t<div class=\"elementor-column elementor-col-50 elementor-inner-column elementor-element elementor-element-2116c6f\" data-id=\"2116c6f\" data-element_type=\"column\">\n\t\t\t<div class=\"elementor-widget-wrap elementor-element-populated\">\n\t\t\t\t\t\t\t\t<div class=\"elementor-element elementor-element-eff59de elementor-drop-cap-yes elementor-drop-cap-view-default elementor-widget elementor-widget-text-editor\" data-id=\"eff59de\" data-element_type=\"widget\" data-settings=\"{&quot;drop_cap&quot;:&quot;yes&quot;}\" data-widget_type=\"text-editor.default\">\n\t\t\t\t<div class=\"elementor-widget-container\">\n\t\t\t<style>\/*! elementor - v3.7.1 - 14-08-2022 *\/\n.elementor-widget-text-editor.elementor-drop-cap-view-stacked .elementor-drop-cap{background-color:#818a91;color:#fff}.elementor-widget-text-editor.elementor-drop-cap-view-framed .elementor-drop-cap{color:#818a91;border:3px solid;background-color:transparent}.elementor-widget-text-editor:not(.elementor-drop-cap-view-default) .elementor-drop-cap{margin-top:8px}.elementor-widget-text-editor:not(.elementor-drop-cap-view-default) .elementor-drop-cap-letter{width:1em;height:1em}.elementor-widget-text-editor .elementor-drop-cap{float:left;text-align:center;line-height:1;font-size:50px}.elementor-widget-text-editor .elementor-drop-cap-letter{display:inline-block}<\/style>\t\t\t\t<p>Dans<strong> notre quotidien, nous manipulons des\u00a0produits RFID inconsciemment,\u00a0sans le savoir\u00a0et ce via des\u00a0\u00e9tiquettes antivols\u00a0dans les magasins, des badges de s\u00e9curit\u00e9, des cartes\u00a0de transports, des\u00a0badges RFID, ou plus r\u00e9cemment des cl\u00e9s sans contact pour voiture ou pour les chambres d\u2019h\u00f4tels. La RFID a pour avantager\u00a0un gain de temps aux utilisateurs\u00a0et d\u2019aboutir \u00e0 un d\u00e9chiffrement rapide des donn\u00e9es.<\/strong><\/p><p><strong>La technologie de RFID (Radio Frequency Identification) a vu le jour en 1945 quand un ing\u00e9nieur russe nomm\u00e9 L\u00e9on Theremin, a invent\u00e9 un dispositif passif d&rsquo;\u00e9coute \u00e0 fr\u00e9quence radio.<\/strong><\/p><p><strong>Effectivement, durant les ann\u00e9es 1940, la RFID avait \u00e9t\u00e9 utilis\u00e9e pour l\u2019identification des avions. Les radars constituaient le syst\u00e8me de lecture qui avait pour mission d&rsquo;envoyer un signal interpellant les \u00e9tiquettes des transpondeurs positionn\u00e9s sur les avions afin de diff\u00e9rencier entre les alli\u00e9s et les ennemis. Le syst\u00e8me IFF ou encore Identity : Friend or Foe, f\u00fbt le premier format d&rsquo;utilisation de la technologie RFID.<\/strong><\/p><p><strong>\u00a0<\/strong><\/p>\t\t\t\t\t\t<\/div>\n\t\t\t\t<\/div>\n\t\t\t\t<div class=\"elementor-element elementor-element-ab02ba9 elementor-widget elementor-widget-text-editor\" data-id=\"ab02ba9\" data-element_type=\"widget\" data-widget_type=\"text-editor.default\">\n\t\t\t\t<div class=\"elementor-widget-container\">\n\t\t\t\t\t\t\t<p><strong>La RFID ou Radio Frequency Identification est une m\u00e9thode facilitant la\u00a0m\u00e9morisation et r\u00e9cup\u00e9ration des donn\u00e9es \u00e0 distance. C\u2019est une technologie qui rel\u00e8ve de la technologie AIDC (Automatic Identification Data Capture) exploit\u00e9e pour reconna\u00eetre et identifier, \u00e0 une distance moyen partant du contact en atteignant plusieurs m\u00e8tres, un objet, une forme ou un individu d\u00e9tenteur d&rsquo;une \u00e9tiquette apte \u00e0 diffuser des donn\u00e9es modifi\u00e9es en ondes radio. La technologie de fr\u00e9quence radio est habituellement employ\u00e9e pour transf\u00e9rer et r\u00e9ceptionner des informations sans fils. L&rsquo;\u00e9metteur projette en continu un rayonnement de fr\u00e9quence radio procurant \u00e0 la fois de l&rsquo;\u00e9nergie (\u00e9tiquette passive) \u00e0 l&rsquo;\u00e9tiquette sous forme \u00e9lectromagn\u00e9tique et aussi l&rsquo;information \u00e0 diffuser. L&rsquo;\u00e9tiquette riposte alors et retourne gr\u00e2ce \u00e0 l&rsquo;\u00e9nergie qu&rsquo;elle enferme les informations vers le r\u00e9cepteur.<\/strong><\/p><p><strong>La technologie RFID est utilis\u00e9e dans plusieurs domaines d&rsquo;applications, en passant par l&rsquo;identification, la tra\u00e7abilit\u00e9 et l&rsquo;analyse de donn\u00e9es. Les principales fonctions de la technologie RFID sont :<\/strong><\/p><p><strong>&#8211; Identifier ;<\/strong><\/p><p><strong>&#8211; Localiser ;<\/strong><\/p><p><strong>&#8211; Suivre ;<\/strong><\/p><p><strong>&#8211; Analyser.<\/strong><\/p><p><strong>Pour permettre au syst\u00e8me RFID d\u2019accomplir ces fonctions, il faudrait un certain nombre d&rsquo;\u00e9quipements. Par \u00e9quipements, nous insinuons l&rsquo;ensemble des constituants physiques basiques n\u00e9cessaires \u00e0 la bonne marche de la technologie RFID. Le syst\u00e8me RFID est constitu\u00e9 fondamentalement des composants suivants :<\/strong><\/p><p><strong>&#8211; Un lecteur ;<\/strong><\/p><p><strong>&#8211; Une \u00e9tiquette (tag ou transpondeur) reli\u00e9e \u00e0 une antenne ;<\/strong><\/p><p><strong>&#8211; Un ordinateur avec diff\u00e9rents logiciels d\u00e9pendant de l&rsquo;application.<\/strong><\/p>\t\t\t\t\t\t<\/div>\n\t\t\t\t<\/div>\n\t\t\t\t<div class=\"elementor-element elementor-element-4b245a7 elementor-widget elementor-widget-image\" data-id=\"4b245a7\" data-element_type=\"widget\" data-widget_type=\"image.default\">\n\t\t\t\t<div class=\"elementor-widget-container\">\n\t\t\t<style>\/*! elementor - v3.7.1 - 14-08-2022 *\/\n.elementor-widget-image{text-align:center}.elementor-widget-image a{display:inline-block}.elementor-widget-image a img[src$=\".svg\"]{width:48px}.elementor-widget-image img{vertical-align:middle;display:inline-block}<\/style>\t\t\t\t\t\t\t\t\t\t\t\t<img decoding=\"async\" width=\"605\" height=\"146\" src=\"https:\/\/rfidmorocco.com\/wp-content\/uploads\/2022\/08\/Image1.png\" class=\"attachment-large size-large\" alt=\"\" loading=\"lazy\" srcset=\"https:\/\/rfidmorocco.com\/wp-content\/uploads\/2022\/08\/Image1.png 605w, https:\/\/rfidmorocco.com\/wp-content\/uploads\/2022\/08\/Image1-300x72.png 300w\" sizes=\"(max-width: 605px) 100vw, 605px\" \/>\t\t\t\t\t\t\t\t\t\t\t\t\t\t\t<\/div>\n\t\t\t\t<\/div>\n\t\t\t\t<div class=\"elementor-element elementor-element-ff10666 elementor-widget elementor-widget-text-editor\" data-id=\"ff10666\" data-element_type=\"widget\" data-widget_type=\"text-editor.default\">\n\t\t\t\t<div class=\"elementor-widget-container\">\n\t\t\t\t\t\t\t<p>\u00a0<\/p><p><strong>La\u00a0fr\u00e9quence est l\u2019attribut qui permet de produire la correspondance\u00a0entre la puce et l\u2019antenne. Toutes les puces qui existent sur le march\u00e9 n\u2019ont finalement pas la m\u00eame fonctionnalit\u00e9.<\/strong><\/p><p><strong>Les puces se distinguent entre elle par\u00a0la fr\u00e9quence de fonctionnement et la distance de lecture.\u00a0Plus la fr\u00e9quence est hausse, plus la distance de lecture devient de plus en plus grande. En fonction de ces attributs, la puce sera \u00e0 la fois plus puissante et plus on\u00e9reuse.<\/strong><\/p>\t\t\t\t\t\t<\/div>\n\t\t\t\t<\/div>\n\t\t\t\t\t<\/div>\n\t\t<\/div>\n\t\t\t\t<div class=\"elementor-column elementor-col-50 elementor-inner-column elementor-element elementor-element-3663a5a\" data-id=\"3663a5a\" data-element_type=\"column\">\n\t\t\t<div class=\"elementor-widget-wrap\">\n\t\t\t\t\t\t\t\t\t<\/div>\n\t\t<\/div>\n\t\t\t\t\t\t\t<\/div>\n\t\t<\/section>\n\t\t\t\t\t<\/div>\n\t\t<\/div>\n\t\t\t\t\t\t\t<\/div>\n\t\t<\/section>\n\t\t\t\t\t\t\t<\/div>\n\t\t","protected":false},"excerpt":{"rendered":"<p>C\u2019est quoi la RFID ? Dans notre quotidien, nous manipulons des\u00a0produits RFID inconsciemment,\u00a0sans le savoir\u00a0et ce via des\u00a0\u00e9tiquettes antivols\u00a0dans les magasins, des badges de s\u00e9curit\u00e9, des cartes\u00a0de transports, des\u00a0badges RFID, ou plus r\u00e9cemment des cl\u00e9s sans contact pour voiture ou pour les chambres d\u2019h\u00f4tels. La RFID a pour avantager\u00a0un gain de temps aux utilisateurs\u00a0et d\u2019aboutir&#8230;<\/p>\n","protected":false},"author":1,"featured_media":0,"parent":0,"menu_order":0,"comment_status":"closed","ping_status":"closed","template":"","meta":{"_kad_post_transparent":"","_kad_post_title":"hide","_kad_post_layout":"fullwidth","_kad_post_sidebar_id":"","_kad_post_content_style":"unboxed","_kad_post_vertical_padding":"hide","_kad_post_feature":"hide","_kad_post_feature_position":"","_kad_post_header":false,"_kad_post_footer":false},"_links":{"self":[{"href":"https:\/\/rfidmorocco.com\/index.php\/wp-json\/wp\/v2\/pages\/1564"}],"collection":[{"href":"https:\/\/rfidmorocco.com\/index.php\/wp-json\/wp\/v2\/pages"}],"about":[{"href":"https:\/\/rfidmorocco.com\/index.php\/wp-json\/wp\/v2\/types\/page"}],"author":[{"embeddable":true,"href":"https:\/\/rfidmorocco.com\/index.php\/wp-json\/wp\/v2\/users\/1"}],"replies":[{"embeddable":true,"href":"https:\/\/rfidmorocco.com\/index.php\/wp-json\/wp\/v2\/comments?post=1564"}],"version-history":[{"count":18,"href":"https:\/\/rfidmorocco.com\/index.php\/wp-json\/wp\/v2\/pages\/1564\/revisions"}],"predecessor-version":[{"id":4458,"href":"https:\/\/rfidmorocco.com\/index.php\/wp-json\/wp\/v2\/pages\/1564\/revisions\/4458"}],"wp:attachment":[{"href":"https:\/\/rfidmorocco.com\/index.php\/wp-json\/wp\/v2\/media?parent=1564"}],"curies":[{"name":"wp","href":"https:\/\/api.w.org\/{rel}","templated":true}]}}