{"id":2561,"date":"2022-09-11T15:37:48","date_gmt":"2022-09-11T13:37:48","guid":{"rendered":"https:\/\/rfidmorocco.com\/?page_id=2561"},"modified":"2025-03-28T11:46:59","modified_gmt":"2025-03-28T10:46:59","slug":"comment-proteger-votre-marque-avec-la-rfid","status":"publish","type":"page","link":"https:\/\/rfidmorocco.com\/index.php\/comment-proteger-votre-marque-avec-la-rfid\/","title":{"rendered":"Comment prot\u00e9ger votre marque avec la RFID\u00a0?\u00a0"},"content":{"rendered":"\t\t<div data-elementor-type=\"wp-page\" data-elementor-id=\"2561\" class=\"elementor elementor-2561\">\n\t\t\t\t\t\t\t\t\t<section class=\"elementor-section elementor-top-section elementor-element elementor-element-6439136 elementor-section-boxed elementor-section-height-default elementor-section-height-default\" data-id=\"6439136\" data-element_type=\"section\" data-settings=\"{&quot;background_background&quot;:&quot;classic&quot;}\">\n\t\t\t\t\t\t\t<div class=\"elementor-background-overlay\"><\/div>\n\t\t\t\t\t\t\t<div class=\"elementor-container elementor-column-gap-default\">\n\t\t\t\t\t<div class=\"elementor-column elementor-col-100 elementor-top-column elementor-element elementor-element-1230e40\" data-id=\"1230e40\" data-element_type=\"column\">\n\t\t\t<div class=\"elementor-widget-wrap elementor-element-populated\">\n\t\t\t\t\t\t\t\t<div class=\"elementor-element elementor-element-b3f4587 elementor-absolute elementor-widget elementor-widget-heading\" data-id=\"b3f4587\" data-element_type=\"widget\" data-settings=\"{&quot;_position&quot;:&quot;absolute&quot;}\" data-widget_type=\"heading.default\">\n\t\t\t\t<div class=\"elementor-widget-container\">\n\t\t\t<style>\/*! elementor - v3.7.1 - 14-08-2022 *\/\n.elementor-heading-title{padding:0;margin:0;line-height:1}.elementor-widget-heading .elementor-heading-title[class*=elementor-size-]>a{color:inherit;font-size:inherit;line-height:inherit}.elementor-widget-heading .elementor-heading-title.elementor-size-small{font-size:15px}.elementor-widget-heading .elementor-heading-title.elementor-size-medium{font-size:19px}.elementor-widget-heading .elementor-heading-title.elementor-size-large{font-size:29px}.elementor-widget-heading .elementor-heading-title.elementor-size-xl{font-size:39px}.elementor-widget-heading .elementor-heading-title.elementor-size-xxl{font-size:59px}<\/style><h2 class=\"elementor-heading-title elementor-size-default\">Comment prot\u00e9ger votre marque avec la RFID ? <\/h2>\t\t<\/div>\n\t\t\t\t<\/div>\n\t\t\t\t\t<\/div>\n\t\t<\/div>\n\t\t\t\t\t\t\t<\/div>\n\t\t<\/section>\n\t\t\t\t<section class=\"elementor-section elementor-top-section elementor-element elementor-element-e37cf26 elementor-section-boxed elementor-section-height-default elementor-section-height-default\" data-id=\"e37cf26\" data-element_type=\"section\">\n\t\t\t\t\t\t<div class=\"elementor-container elementor-column-gap-default\">\n\t\t\t\t\t<div class=\"elementor-column elementor-col-100 elementor-top-column elementor-element elementor-element-bceaf1d\" data-id=\"bceaf1d\" data-element_type=\"column\">\n\t\t\t<div class=\"elementor-widget-wrap elementor-element-populated\">\n\t\t\t\t\t\t\t\t<div class=\"elementor-element elementor-element-3dd00f6 elementor-widget elementor-widget-spacer\" data-id=\"3dd00f6\" data-element_type=\"widget\" data-widget_type=\"spacer.default\">\n\t\t\t\t<div class=\"elementor-widget-container\">\n\t\t\t<style>\/*! elementor - v3.7.1 - 14-08-2022 *\/\n.elementor-column .elementor-spacer-inner{height:var(--spacer-size)}.e-container{--container-widget-width:100%}.e-container>.elementor-widget-spacer{width:var(--container-widget-width,var(--spacer-size));-ms-flex-item-align:stretch;align-self:stretch;-ms-flex-negative:0;flex-shrink:0}.e-container>.elementor-widget-spacer>.elementor-widget-container,.e-container>.elementor-widget-spacer>.elementor-widget-container>.elementor-spacer{height:100%}.e-container>.elementor-widget-spacer>.elementor-widget-container>.elementor-spacer>.elementor-spacer-inner{height:var(--container-widget-height,var(--spacer-size))}<\/style>\t\t<div class=\"elementor-spacer\">\n\t\t\t<div class=\"elementor-spacer-inner\"><\/div>\n\t\t<\/div>\n\t\t\t\t<\/div>\n\t\t\t\t<\/div>\n\t\t\t\t<div class=\"elementor-element elementor-element-6fdc4f8 elementor-widget elementor-widget-text-editor\" data-id=\"6fdc4f8\" data-element_type=\"widget\" data-widget_type=\"text-editor.default\">\n\t\t\t\t<div class=\"elementor-widget-container\">\n\t\t\t<style>\/*! elementor - v3.7.1 - 14-08-2022 *\/\n.elementor-widget-text-editor.elementor-drop-cap-view-stacked .elementor-drop-cap{background-color:#818a91;color:#fff}.elementor-widget-text-editor.elementor-drop-cap-view-framed .elementor-drop-cap{color:#818a91;border:3px solid;background-color:transparent}.elementor-widget-text-editor:not(.elementor-drop-cap-view-default) .elementor-drop-cap{margin-top:8px}.elementor-widget-text-editor:not(.elementor-drop-cap-view-default) .elementor-drop-cap-letter{width:1em;height:1em}.elementor-widget-text-editor .elementor-drop-cap{float:left;text-align:center;line-height:1;font-size:50px}.elementor-widget-text-editor .elementor-drop-cap-letter{display:inline-block}<\/style>\t\t\t\t<p><strong>D<\/strong>ans la cha\u00eene d&rsquo;approvisionnement complexe et l&rsquo;environnement de march\u00e9 exigeant d&rsquo;aujourd&rsquo;hui, les propri\u00e9taires de marques sont confront\u00e9s \u00e0 des d\u00e9fis sans pr\u00e9c\u00e9dent en mati\u00e8re de protection des marques et des produits. Les d\u00e9fis tels que, les produits contrefaits et pirat\u00e9s, la valeur et la port\u00e9e des produits contrefaits augmentent, mettant en p\u00e9ril les entreprises et les propri\u00e9taires de marques sur tous les continents et dans tous les secteurs.<\/p><p>Pour les propri\u00e9taires de marques, les produits contrefaits nuisent \u00e0 la valeur de la marque, entra\u00eenant d&rsquo;\u00e9normes pertes \u00e9conomiques, telles qu&rsquo;une r\u00e9duction des revenus de vente, une diminution de la part de march\u00e9, des poursuites judiciaires inappropri\u00e9es, etc.<\/p><p>En raison des produits contrefaits, les consommateurs ne peuvent pas voir la valeur des produits authentiques et ils ne peuvent pas voir les contrefa\u00e7ons bon march\u00e9. Une fois que les consommateurs sont vaincus par des produits contrefaits qui ne fonctionnent pas, la r\u00e9putation de la marque sera compromise et la sant\u00e9 et la s\u00e9curit\u00e9 des consommateurs peuvent \u00eatre confront\u00e9es \u00e0 des risques ; les relations avec les partenaires de distribution seront \u00e9galement affect\u00e9es.<\/p><p><strong>La technologie RFID r\u00e9alise une solution de protection de marque compl\u00e8te et efficace<\/strong><\/p><p>Il existe diff\u00e9rentes solutions de protection des marques de support technique sur le march\u00e9, telles que des hologrammes, des codes-barres 2D en filigrane, des codes num\u00e9riques matriciels, etc. Toutes ces solutions prennent en charge l&rsquo;authentification des actifs, mais compar\u00e9es \u00e0 la technologie RFID, ces m\u00e9thodes sont plus faciles \u00e0 copier ou \u00e0 falsifier.<\/p><p>La RFID est puissante et unique car elle offre une combinaison de fonctionnalit\u00e9s de protection de la marque &#8211; il s&rsquo;agit de la v\u00e9rification d&rsquo;identit\u00e9, du suivi et du tra\u00e7age, et des preuves de falsification. Cette polyvalence fait de la solution int\u00e9gr\u00e9e de protection de la marque de bout en bout une option de protection globale des actifs \u00e9conomique et facile \u00e0 mettre en \u0153uvre tout au long de la cha\u00eene d&rsquo;approvisionnement.<\/p><p>Les principales raisons du choix des solutions de protection de marque RFID :<\/p><ul><li><strong>Identification unique :<\/strong> La RFID peut identifier de mani\u00e8re unique le produit &#8211; l&rsquo;identifiant de s\u00e9rie unique int\u00e9gr\u00e9 (UID \/ TID) v\u00e9rifie si le produit associ\u00e9 \u00e0 l&rsquo;\u00e9tiquette est authentique et s&rsquo;il a \u00e9t\u00e9 fourni via des canaux autoris\u00e9s.<\/li><li><strong>S\u00e9curit\u00e9 maximale :<\/strong> La technologie de cryptage de s\u00e9curit\u00e9 int\u00e9gr\u00e9e \u00e0 l&rsquo;\u00e9tiquette RFID offre une protection tr\u00e8s \u00e9lev\u00e9e contre la falsification et le clonage<\/li><li><strong>Taille, pas de ligne de vue :<\/strong> Les \u00e9tiquettes RFID peuvent \u00eatre tr\u00e8s petites et peuvent \u00eatre secr\u00e8tement int\u00e9gr\u00e9es dans les produits &#8211; les \u00e9tiquettes peuvent \u00eatre lues sans ligne de vue.<\/li><li><strong>Anti-falsification :<\/strong> La protection anti-falsification RFID peut \u00eatre utilis\u00e9e pour identifier si une falsification s&rsquo;est produite ou si l&#8217;emballage a \u00e9t\u00e9 ouvert auparavant.<\/li><li><strong>Tra\u00e7abilit\u00e9 :<\/strong> Le syst\u00e8me de tra\u00e7abilit\u00e9 facilite la gestion de la cha\u00eene d&rsquo;approvisionnement et l&rsquo;inspection aide \u00e0 \u00e9valuer l&rsquo;identit\u00e9, l&#8217;emplacement, le suivi de la propri\u00e9t\u00e9 et le statut des produits individuels<\/li><li><strong>Lire et reconna\u00eetre plusieurs articles \u00e0 la fois :<\/strong> L&rsquo;anticollision permet de reconna\u00eetre des centaines d&rsquo;articles en m\u00eame temps, ce qui lui permet de compter automatiquement plusieurs articles \u00e0 travers l&#8217;emballage et d&rsquo;acc\u00e9l\u00e9rer le traitement.<\/li><li><strong>Auto-examen des consommateurs et meilleure interaction \/ exp\u00e9rience avec les consommateurs :<\/strong> Les consommateurs peuvent utiliser leurs smartphones pour v\u00e9rifier l&rsquo;authenticit\u00e9 des produits afin de garantir la qualit\u00e9 et la provenance des produits. L&rsquo;application d&rsquo;authentification de marque fonctionne avec des \u00e9tiquettes RFID ou NFC port\u00e9es sur l&#8217;emballage ou sur le produit lui-m\u00eame. En outre, les consommateurs peuvent d\u00e9sormais acc\u00e9der \u00e0 d&rsquo;autres informations sur les produits, des incitations et des garanties pour les consommateurs d&rsquo;acheter des produits authentiques, des recommandations de produits suppl\u00e9mentaires et des informations et services bas\u00e9s sur l&#8217;emplacement. Cela permet de capturer des donn\u00e9es de consommation pr\u00e9cieuses \u00e0 produire.<\/li><\/ul>\t\t\t\t\t\t<\/div>\n\t\t\t\t<\/div>\n\t\t\t\t<div class=\"elementor-element elementor-element-ded0a28 elementor-widget elementor-widget-spacer\" data-id=\"ded0a28\" data-element_type=\"widget\" data-widget_type=\"spacer.default\">\n\t\t\t\t<div class=\"elementor-widget-container\">\n\t\t\t\t\t<div class=\"elementor-spacer\">\n\t\t\t<div class=\"elementor-spacer-inner\"><\/div>\n\t\t<\/div>\n\t\t\t\t<\/div>\n\t\t\t\t<\/div>\n\t\t\t\t\t<\/div>\n\t\t<\/div>\n\t\t\t\t\t\t\t<\/div>\n\t\t<\/section>\n\t\t\t\t\t\t\t<\/div>\n\t\t","protected":false},"excerpt":{"rendered":"<p>WINDOWS10 devicemediainc.com firsatcenneti.com tecnowebeando.com kimiaelectrickoosha.com parautoimport.ro Comment prot\u00e9ger votre marque avec la RFID ? Dans la cha\u00eene d&rsquo;approvisionnement complexe et l&rsquo;environnement de march\u00e9 exigeant d&rsquo;aujourd&rsquo;hui, les propri\u00e9taires de marques sont confront\u00e9s \u00e0 des d\u00e9fis sans pr\u00e9c\u00e9dent en mati\u00e8re de protection des marques et des produits. Les d\u00e9fis tels que, les produits contrefaits et pirat\u00e9s, la&#8230;<\/p>\n","protected":false},"author":1,"featured_media":0,"parent":0,"menu_order":0,"comment_status":"closed","ping_status":"closed","template":"","meta":{"_kad_post_transparent":"","_kad_post_title":"hide","_kad_post_layout":"fullwidth","_kad_post_sidebar_id":"","_kad_post_content_style":"unboxed","_kad_post_vertical_padding":"hide","_kad_post_feature":"hide","_kad_post_feature_position":"","_kad_post_header":false,"_kad_post_footer":false},"_links":{"self":[{"href":"https:\/\/rfidmorocco.com\/index.php\/wp-json\/wp\/v2\/pages\/2561"}],"collection":[{"href":"https:\/\/rfidmorocco.com\/index.php\/wp-json\/wp\/v2\/pages"}],"about":[{"href":"https:\/\/rfidmorocco.com\/index.php\/wp-json\/wp\/v2\/types\/page"}],"author":[{"embeddable":true,"href":"https:\/\/rfidmorocco.com\/index.php\/wp-json\/wp\/v2\/users\/1"}],"replies":[{"embeddable":true,"href":"https:\/\/rfidmorocco.com\/index.php\/wp-json\/wp\/v2\/comments?post=2561"}],"version-history":[{"count":13,"href":"https:\/\/rfidmorocco.com\/index.php\/wp-json\/wp\/v2\/pages\/2561\/revisions"}],"predecessor-version":[{"id":18788,"href":"https:\/\/rfidmorocco.com\/index.php\/wp-json\/wp\/v2\/pages\/2561\/revisions\/18788"}],"wp:attachment":[{"href":"https:\/\/rfidmorocco.com\/index.php\/wp-json\/wp\/v2\/media?parent=2561"}],"curies":[{"name":"wp","href":"https:\/\/api.w.org\/{rel}","templated":true}]}}